culate the highest common factor of 589 and j.
19
Let r = 103 - 34. Suppose 2*j + 2*z = -3*j + r, 2*j = 2*z + 22. Let w be (-208)/(-12)*2217/1478. Calculate the greatest common factor of j and w.
13
Let r be -3 + (-10)/(1*(3 - 4)). Suppose -r*z - 4 = -18. Suppose -z*j + 73 - 3 = 0. What is the highest common factor of 315 and j?
35
Let o = 721 - 716. Suppose 3*l + 27 - 53 = -2*a, -3*a - o = -l. Let d = 30 - 18. What is the greatest common factor of d and l?
4
Suppose -3 = -2*n + n. Suppose -2*u - 45 = -n*u. Suppose 7*p - 4*p - u = 0. What is the highest common divisor of 75 and p?
15
Suppose 0 = 13*w - 619101 - 50425. Calculate the highest common factor of w and 22.
22
Let v be (5/3 - 1)/(8/12). Let d be -90*(-2 + 3 + (-1 - v)). What is the highest common factor of 10 and d?
10
Let z = -1259 - -1388. Calculate the highest common factor of z and 1376.
43
Let a(r) = r**3 + 27*r**2 - 63*r - 1. Let l be a(-29). What is the greatest common divisor of 333 and l?
9
Let l(d) = 4*d + 1. Let h be l(-6). Let q = 10 - h. Let v = 600729 + -600718. Calculate the highest common divisor of q and v.
11
Let o = 28339 + -28299. Calculate the highest common divisor of 3880 and o.
40
Let y be 72 - 75 - (-10 - 1). Let h be (-2 - -2) + (1 - 4). Let r be 4/h*(3 - 18). Calculate the greatest common factor of r and y.
4
Suppose -4*l - 2*j = 736, 4 = -j - j. Let c be (-16)/(-12)*l/(-2). Let d = c + -115. What is the highest common divisor of 56 and d?
7
Let a be 178*(33/6 - 7). Let o = -165 - a. Calculate the highest common divisor of o and 170.
34
Let v(b) = 3*b - 28. Let c be v(13). Suppose -r = i + 14, -c = -2*r + i - 45. Let p = r - -36. What is the greatest common divisor of p and 5?
5
Let i = 7 - 87. Let n(r) = -r**3 + r**2 - 3*r + 81. Let u be n(0). Let y = i + u. Calculate the greatest common factor of 4 and y.
1
Let n(z) = 2*z**3 + 5*z**2 + 3*z - 36. Let w be (-30)/(-4)*(-16)/(-24). Let o be n(w). Calculate the highest common factor of o and 6.
6
Let i = -140 + 214. Let z(h) = 3*h**2 - 35*h + 13. Let x = 60 - 46. Let s be z(x). What is the greatest common factor of i and s?
37
Let m be -7 - 3856/(-120) - (-2)/(-15). Suppose -24*v = -m*v + 12. What is the greatest common factor of 222 and v?
6
Let r be (10 - 4)*(-14 + 12). Let q = r + 108. What is the greatest common factor of q and 32?
32
Suppose -3*n + 4*n - 3*b = 9129, -10 = -5*b. What is the greatest common divisor of 15 and n?
15
Let i be (-2964)/(-3211)*(-13)/(-2). What is the highest common divisor of i and 5124?
6
Let p = -8 - -25. Suppose 41106 = -148*y + 226*y. What is the greatest common factor of y and p?
17
Let h = -12734 - -15482. Calculate the greatest common factor of h and 108.
12
Let w = 222 + -229. Let n = 47 - w. What is the greatest common divisor of n and 36?
18
Let q be 14 - 17 - (-7 - 0). Let w be (q - 80/14)/((-9)/42). Let o(a) = a**2 + a - 2. Let r be o(2). Calculate the greatest common divisor of w and r.
4
Let h be (-6 + 3 - -1)*16. Let t be 4/(-6) - (-352)/(-48). Let y = t - h. What is the greatest common factor of y and 4?
4
Let i = 1021 + -323. Let q = i - 473. What is the highest common divisor of 90 and q?
45
Suppose -q = 2*h - 10, -101 + 86 = -5*q - 3*h. Suppose q = -6*a - 143 + 479. Calculate the highest common factor of a and 252.
28
Suppose -7*c + 220 - 52 = 0. Suppose -3*i + 7*i = c. Suppose -153 = -i*t - 45. Calculate the greatest common divisor of t and 144.
18
Let d be (-8 + 11)/(18/(-24)) - (0 + -4307). Calculate the greatest common divisor of 13 and d.
13
Let t(k) = 17*k**3 + 2*k**2 - 20*k + 28. Let b be t(2). What is the highest common factor of 957 and b?
33
Let j be 1*3*4 + -2. Suppose 14 + 166 = 10*h. Suppose -4*c - h + 26 = 0. Calculate the greatest common factor of j and c.
2
Let f(v) = 11 - 25 - 23*v**2 + 0*v**3 - 4*v**3 - 7*v + 8*v. Let j be f(-6). What is the highest common divisor of j and 4?
4
Suppose 6530*z - 1302 = 6499*z. What is the highest common factor of z and 4095?
21
Let p = -61 - -104. Suppose -2*g = 2*j - 1370, 0 = -5*g + j + 1381 + 2062. Calculate the highest common divisor of g and p.
43
Let j(p) = -2*p**3 - 13*p**2 - 3*p - 35. Let t be j(-7). Suppose -9*y - 260 = -t*y. What is the greatest common divisor of y and 110?
10
Let g be ((-9)/5*(0 - -5))/(-1). Let p be (-16 + 19)/(4/(132/g)). Calculate the greatest common divisor of 121 and p.
11
Let r(k) = 132*k**2 + 12*k - 15. Let b be r(2). Let x = -503 + b. What is the highest common factor of x and 119?
17
Suppose -8*u + 7*u - 2*l + 123 = 0, 367 = 3*u + 4*l. What is the highest common factor of 418 and u?
11
Let k = -12477 - -12876. What is the greatest common divisor of 855 and k?
57
Let g be (-114)/(-9)*201*(-9)/(-6). Let k be (32/6)/(134/g). Calculate the highest common divisor of k and 19.
19
Suppose 8*d = -0*d - 19*d + 15147. Suppose 2*f - 42 = 60. Calculate the highest common divisor of d and f.
51
Suppose -21*l = -26*l. Suppose l = 13*p - 1283 - 2227. Calculate the greatest common factor of 216 and p.
54
Let l = 429 + -279. Let v = -330 + 345. What is the highest common divisor of l and v?
15
Suppose -7*y + 72*y - 80927 + 13327 = 0. Let z be (62 - -1) + 1 + 1. What is the highest common divisor of y and z?
65
Suppose 4*m - 35 = -3*m. Suppose 63 = m*n + 2*n. Let q be (-6)/18 + (-1)/((-9)/30). Calculate the greatest common divisor of q and n.
3
Let i be 22 - 76/(-57)*5199. What is the greatest common factor of i and 549?
183
Let m = 151 + -152. Let z(j) = 123*j**2 + 1. Let v be z(m). What is the highest common divisor of v and 93?
31
Suppose 3*k = -5*y + 73, -2*k - 2*y + 41 = -5. Let c(z) = -7*z + 20. Let v be c(9). Let j = 41 - v. What is the highest common factor of j and k?
21
Let c = -419 - -148. Let t = c + 276. What is the greatest common factor of 55 and t?
5
Suppose -5 = 4*b - 25. Suppose -2*l + 69 = q, b*l - 18 = -3. Calculate the highest common divisor of q and 9.
9
Let o(l) = -9*l - 7*l + 4*l**2 + 20*l + 18 + 5*l - 5. Let k be o(-2). What is the greatest common factor of 671 and k?
11
Let d be (6 - 6)/((-1 - 0) + -4). Suppose 11*t - 356 + 26 = d. Calculate the greatest common factor of 500 and t.
10
Let r(n) = 5*n. Let l be r(1). Suppose y = -l*j - 10, y = -2*y + 5*j + 30. Suppose 0 = -y*s + 91 - 11. What is the greatest common divisor of s and 96?
16
Let y(q) = -23 + 48 + q**2 - 22 - 6*q + 0*q**2. Let v be y(-3). Suppose 5*p - 20 = 3*p. Calculate the highest common factor of v and p.
10
Suppose -5*u + 105 + 320 = 0. Let w = u - 57. Let g be (-49)/70*-5*20. What is the highest common factor of g and w?
14
Let v be (177/2)/(4/8). Suppose -4*p + 2*p + 54 = -o, 3*p - v = 3*o. Let t = o + 108. Calculate the greatest common factor of t and 4.
4
Let y(o) = 3*o - 19. Let l be y(3). Let x be ((-18)/l)/(17/595). What is the highest common factor of x and 117?
9
Let y be 1/((-54)/45)*(-50)/15*9. What is the highest common factor of y and 3?
1
Let l(i) = 5*i**2 + 109*i + 96. Let g be l(-25). Calculate the greatest common divisor of g and 186.
62
Let u = 173 - 221. Let n be ((-117)/12)/(u/320). What is the greatest common divisor of n and 39?
13
Let o(d) = -9*d + 57. Let h = -113 + 74. Let u be o(h). Calculate the greatest common divisor of 24 and u.
24
Suppose -4*p = 3*u + 45, -u = -2*p - 2*u - 21. Let h(d) = -15*d + 72. Let a be h(-11). Let w = p + a. Calculate the highest common divisor of w and 12.
12
Suppose -158 = 354*u - 355*u - 3*p, 5*u + 5*p - 850 = 0. Calculate the greatest common divisor of 583 and u.
11
Let l = -381 + 394. Suppose 4*g - 1065 = 235. What is the greatest common divisor of l and g?
13
Let y(r) = r**2 + 18*r - 114. Let a be y(-23). Let b be 6 + -7 - (-21 - 1 - a). Calculate the greatest common factor of b and 814.
22
Let f(s) = 53*s**2 + 3. Let a be f(3). Let i = -210 + a. Let o(h) = h**2 + 8*h + 10. Let v be o(-10). Calculate the highest common factor of i and v.
30
Let b(n) = n**3 - 10*n**2 - 9*n - 3. Let c = 2 - -1. Suppose c*u - 22 = u. Let p be b(u). What is the greatest common divisor of p and 133?
19
Suppose 5*m = -5*r + 10, 5 = 23*m - 24*m. Suppose 0 = -0*f + r*f - 406. What is the highest common factor of f and 551?
29
Suppose 447 = -4*a + o, -5*o = 2*a + 191 + 38. Let p be (-25)/(-10) - (-2)/4. Let d be a/(-24)*(p - 0). Calculate the highest common divis